{"id":808,"date":"2025-01-19T18:26:45","date_gmt":"2025-01-19T18:26:45","guid":{"rendered":"https:\/\/xn--familie-sammenfring-97b.dk\/?page_id=808"},"modified":"2025-01-19T18:30:42","modified_gmt":"2025-01-19T18:30:42","slug":"privatlivspolitik","status":"publish","type":"page","link":"https:\/\/xn--familie-sammenfring-97b.dk\/index.php\/privatlivspolitik\/","title":{"rendered":"Privatlivspolitik"},"content":{"rendered":"\t\t<div data-elementor-type=\"wp-page\" data-elementor-id=\"808\" class=\"elementor elementor-808\" data-elementor-post-type=\"page\">\n\t\t\t\t\t\t<section class=\"elementor-section elementor-top-section elementor-element elementor-element-3079015 elementor-section-boxed elementor-section-height-default elementor-section-height-default\" data-id=\"3079015\" data-element_type=\"section\" data-e-type=\"section\">\n\t\t\t\t\t\t<div class=\"elementor-container elementor-column-gap-default\">\n\t\t\t\t\t<div class=\"elementor-column elementor-col-100 elementor-top-column elementor-element elementor-element-2c242b5\" data-id=\"2c242b5\" data-element_type=\"column\" data-e-type=\"column\">\n\t\t\t<div class=\"elementor-widget-wrap elementor-element-populated\">\n\t\t\t\t\t\t<div class=\"elementor-element elementor-element-bad9a86 elementor-widget elementor-widget-text-editor\" data-id=\"bad9a86\" data-element_type=\"widget\" data-e-type=\"widget\" data-widget_type=\"text-editor.default\">\n\t\t\t\t<div class=\"elementor-widget-container\">\n\t\t\t\t\t\t\t\t\t<div id=\"cz_19239\" class=\"cz_19239 cz_title clr cz_title_pos_inline\"><div class=\"cz_title_content\"><div class=\"cz_wpe_content\"><h2>Den dataansvarlige<\/h2><\/div><\/div><\/div><div class=\"cz_sl_icon\">\u00a0<\/div><ul><li>danskstatsborgerskab.dk<\/li><li>A.P. M\u00f8llers All\u00e9 9c 2791 Drag\u00f8r<\/li><li><a href=\"mailto:info@xn--familie-sammenfring-97b.dk\"><strong>info@xn--familie-sammenfring-97b.dk<\/strong><\/a><\/li><li>+45 91 61 85 21<\/li><li>Technolo: +45 91 61 85 21<\/li><li>cvr-nummer: 43336878<\/li><\/ul><div class=\"cz_gap clr hide_on_mobile\">\u00a0<\/div><div id=\"cz_92228\" class=\"cz_92228 cz_title clr cz_title_pos_inline\"><div class=\"cz_title_content\"><div class=\"cz_wpe_content\"><h2>Persondatapolitik hos Copernica Law<\/h2><p>Vi indhenter kun persondata i de tilf\u00e6lde, hvor dette skulle v\u00e6re relevant for os, og vi vil kun indhente persondata, hvis det er relevant for din aktivitet hos Copernica Law.<\/p><p>Ved indsamling, behandling og anvendelse af dine persondata overholder vi altid alle relevante lovbestemmelser.<\/p><p>Vi vil kun opbevare dine persondata, s\u00e5 l\u00e6nge vi enten er p\u00e5lagt en juridisk forpligtelse hertil, eller s\u00e5 l\u00e6nge det er relevant for den hensigt, hvormed de blev indsamlet.<\/p><\/div><\/div><\/div><div class=\"cz_gap clr \">\u00a0<\/div><div id=\"cz_19832\" class=\"cz_19832 cz_title clr cz_title_pos_inline\"><div class=\"cz_title_content\"><div class=\"cz_wpe_content\"><h2>Oplysninger vi indsamler<\/h2><p>N\u00e5r du kontakter os, eller indg\u00e5r en aftale med os med henblik p\u00e5 juridisk r\u00e5dgivning, har vi brug for at indsamle visse persondata for at kunne gennemf\u00f8re handlen og for at kunne tilbyde dig vores services.<\/p><p>Vi kan indhente oplysninger som f.eks. navn, e-mailadresse, postadresse, leveringsadresse (hvis den varierer fra postadresse), telefonnummer og betalingsoplysninger.<\/p><p>Copernica Law indsamler og behandler dine persondata, n\u00e5r du foretager dig f\u00f8lgende:<\/p><\/div><\/div><\/div><ul id=\"cz_93877\" class=\"cz_93877 cz_stylish_list clr cz_sl_icon_hover_zoom_in\"><li class=\"clr\"><div class=\"cz_sl_icon\">\u00a0<\/div><div>Bes\u00f8ger vores hjemmeside<\/div><\/li><li class=\"clr\"><div class=\"cz_sl_icon\">\u00a0<\/div><div>Skriver til os p\u00e5 vores e-mail eller p\u00e5 vores telefonnummer<\/div><\/li><li class=\"clr\"><div class=\"cz_sl_icon\">\u00a0<\/div><div>Skriver til os via vores kontaktformular<\/div><\/li><li class=\"clr\"><div class=\"cz_sl_icon\">\u00a0<\/div><div>Kontakter os telefonisk<\/div><\/li><\/ul><div class=\"cz_gap clr \">\u00a0<\/div><div id=\"cz_22465\" class=\"cz_22465 cz_title clr cz_title_pos_inline\"><div class=\"cz_title_content\"><div class=\"cz_wpe_content\"><h2>Den dataansvarlige<\/h2><p>Den dataansvarlige for indsamling, behandling og anvendelse af dine personoplysninger p\u00e5 www.Copernicalaw.dk er Azehosting ApS, Hornevej 7, 2770 Kastrup.<\/p><\/div><\/div><\/div><div class=\"cz_gap clr \">\u00a0<\/div><div id=\"cz_40880\" class=\"cz_40880 cz_title clr cz_title_pos_inline\"><div class=\"cz_title_content\"><div class=\"cz_wpe_content\"><h2>Behandlingsgrundlag og form\u00e5l<\/h2><p>Dine almindelige kontaktoplysninger som navn og adresse indhenter vi for at kunne levere det produkt eller den ydelse, som du har k\u00f8bt hos os. Din e-mailadresse indhenter vi for at kunne sende dig en ordrebekr\u00e6ftelse.<\/p><p>Dine oplysninger (undtagen din e-mailadresse, hvis du har givet samtykke til behandling heraf med henblik p\u00e5 modtagelse af tilbud) vil blive slettet umiddelbart efter, at du har modtaget din vare eller ydelse.<\/p><\/div><\/div><\/div><div class=\"cz_gap clr \">\u00a0<\/div><div id=\"cz_65281\" class=\"cz_65281 cz_title clr cz_title_pos_inline\"><div class=\"cz_title_content\"><div class=\"cz_wpe_content\"><h2>Andre modtagere af personoplysninger<\/h2><p>Vi s\u00e6lger ikke dine persondata til tredjemand, og vi overf\u00f8rer ikke dine persondata til tredjelande.<\/p><p>Vi har vores hjemmeside hos www.Azehosting.net, som fungerer som vores databehandler. Alle persondata som du oplyser p\u00e5 vores hjemmeside vil blive opbevaret i Azehosting.net\u2019s databser.<\/p><p>Vi anvender eksterne virksomheder som leverand\u00f8rer for at levere vores ydelser bedst muligt. Disse eksterne leverand\u00f8rer er databehandlere og behandler i visse tilf\u00e6lde personoplysninger i forbindelse med deres levering af ydelser til os. Vores databehandlere behandler kun personoplysninger efter vores instruks og i overensstemmelse med lovgivningens krav til databehandlere.<\/p><p>Vi har indg\u00e5et databehandleraftaler med vores databehandlere, hvilket er vores garanti for, at de overholder g\u00e6ldende regler om beskyttelse af dine personoplysninger.<\/p><\/div><\/div><\/div><div class=\"cz_gap clr \">\u00a0<\/div><div id=\"cz_27725\" class=\"cz_27725 cz_title clr cz_title_pos_inline\"><div class=\"cz_title_content\"><div class=\"cz_wpe_content\"><h2>Dine rettigheder<\/h2><p>Som den registrerede har du en r\u00e6kke rettigheder, som vi til enhver tid skal sikre opfyldelse af. Du har ret til at anmode os om f\u00f8lgende:<\/p><\/div><\/div><\/div><ul id=\"cz_109826\" class=\"cz_109826 cz_stylish_list clr cz_sl_icon_hover_zoom_in\"><li class=\"clr\"><div class=\"cz_sl_icon\">\u00a0<\/div><div>At f\u00e5 adgang til og f\u00e5 rettet\/\u00e6ndret dine persondata<\/div><\/li><li class=\"clr\"><div class=\"cz_sl_icon\">\u00a0<\/div><div>At f\u00e5 slettet persondata<\/div><\/li><\/ul><div id=\"cz_75011\" class=\"cz_75011 cz_title clr cz_title_pos_inline\"><div class=\"cz_title_content\"><div class=\"cz_wpe_content\"><p>Du har derudover ret til at protestere over behandlingen af dine personlige data, og du har ret til at indgive klage til en databeskyttelsesmyndighed.<\/p><p>\u00d8nsker du ikke l\u00e6ngere, at vi skal behandle dine personoplysninger, eller at vi skal begr\u00e6nse behandlingen af dine personoplysninger, kan du ogs\u00e5 sende os en anmodning herom til vores e-mailadresse\u00a0<a href=\"mailto:info@xn--familie-sammenfring-97b.dk\"><strong>info@xn--familie-sammenfring-97b.dk<\/strong><\/a><\/p><\/div><\/div><\/div><div class=\"cz_gap clr \">\u00a0<\/div><div id=\"cz_68511\" class=\"cz_68511 cz_title clr cz_title_pos_inline\"><div class=\"cz_title_content\"><div class=\"cz_wpe_content\"><h6>Cookiepolitik hos Copernica Law<\/h6><h2>Hvad er en cookie?<\/h2><p>En cookie er en datafil, som l\u00e6gges p\u00e5 din computer eller andet terminaludstyr og indsamler digitale fodspor om hjemmesidebrugere, der f\u00e6rdes online p\u00e5 hjemmesider. Cookies bruges til at indsamle informationer s\u00e5 hjemmesidens funktioner virker. Derudover anvendes cookies til at optimere design og kvalitet af hjemmesiden, samt give m\u00e5lrettet og relevant indhold. Man kan ikke se, hvem du er, hvad du hedder, eller om computeren bruges af en eller flere personer vha. cookies. Cookies kan heller ikke sprede computervirus eller andre skadelige programmer.<\/p><\/div><\/div><\/div><div class=\"cz_gap clr \">\u00a0<\/div><div id=\"cz_32030\" class=\"cz_32030 cz_title clr cz_title_pos_inline\"><div class=\"cz_title_content\"><div class=\"cz_wpe_content\"><h2>Du kan styre cookies<\/h2><p>F\u00f8rste gang du lander p\u00e5 denne hjemmeside, ser du et cookiebanner med information om cookies. Afviser du cookies kan det p\u00e5virke din oplevelse p\u00e5 hjemmesiden og der s\u00e6ttes ingen cookies p\u00e5 dit terminaludstyr.<\/p><p>Loven fastsl\u00e5r, at vi kan gemme cookies p\u00e5 din enhed, hvis de er strengt n\u00f8dvendige (n\u00f8dvendige cookies), hvis det er n\u00f8dvendigt for hjemmesidens funktionalitet. For alle andre typer cookies skal vi indhente dit samtykke.<\/p><p>Der m\u00e5 ikke l\u00e6gges cookies, f\u00f8r du har accepteret cookies, hvorfor du bliver bedt om at tage stilling til cookies p\u00e5 hjemmesiden.<\/p><p>Cookies har forskellige levetider og n\u00e5r denne periode udl\u00f8ber bliver cookies automatisk slettet.<\/p><\/div><\/div><\/div><div class=\"cz_gap clr \">\u00a0<\/div><div id=\"cz_45864\" class=\"cz_45864 cz_title clr cz_title_pos_inline\"><div class=\"cz_title_content\"><div class=\"cz_wpe_content\"><h2>(Cookiedeklaration) Varighed og oversigt over cookies:<\/h2><p>Vi benytter os af funktionelle og statistiske cookies p\u00e5 denne www.danskstatsborgerskab.dk<\/p><\/div><\/div><\/div><div class=\"cz_gap clr \">\u00a0<\/div><div id=\"cz_54334\" class=\"cz_54334 cz_title clr cz_title_pos_inline\"><div class=\"cz_title_content\"><div class=\"cz_wpe_content\"><h2>S\u00e5dan undg\u00e5r du cookies<\/h2><p>Du kan ved at \u00e6ndre indstillingerne i din browser afvise cookies automatisk, hver gang du bes\u00f8ger en hjemmeside. Hvor du finder indstillingerne afh\u00e6nger af, hvilken browser du anvender. Du skal dog v\u00e6re opm\u00e6rksom p\u00e5, at hvis du g\u00f8r det, er der mange funktioner og services p\u00e5 internettet, du ikke kan bruge. Alle browsere tillader, at du sletter dine cookies samlet eller enkeltvis. Hvordan du g\u00f8r det afh\u00e6nger af, hvilken browser du anvender. Husk, at bruger du flere browsere, skal du slette cookies i dem alle.<\/p><p>Endelig skal vi oplyse dig om, at hvis du ikke har \u00e6ndret dine browserindstillinger, men blot \u00f8nsker at afvise cookies, kan du til enhver tid tr\u00e6kke dit samtykke om cookies tilbage.<\/p><\/div><\/div><\/div>\t\t\t\t\t\t\t\t<\/div>\n\t\t\t\t<\/div>\n\t\t\t\t\t<\/div>\n\t\t<\/div>\n\t\t\t\t\t<\/div>\n\t\t<\/section>\n\t\t\t\t<\/div>\n\t\t","protected":false},"excerpt":{"rendered":"<p>Den dataansvarlige \u00a0 danskstatsborgerskab.dk A.P. M\u00f8llers All\u00e9 9c 2791 Drag\u00f8r info@xn--familie-sammenfring-97b.dk +45 91 61 85 21 Technolo: +45 91 61 85 21 cvr-nummer: 43336878 \u00a0 Persondatapolitik hos Copernica Law Vi indhenter kun persondata i de tilf\u00e6lde, hvor dette skulle v\u00e6re relevant for os, og vi vil kun indhente persondata, hvis det er relevant for din [&hellip;]<\/p>\n","protected":false},"author":6,"featured_media":0,"parent":0,"menu_order":0,"comment_status":"closed","ping_status":"closed","template":"elementor_header_footer","meta":{"footnotes":""},"class_list":["post-808","page","type-page","status-publish","hentry"],"yoast_head":"<!-- This site is optimized with the Yoast SEO plugin v27.0 - https:\/\/yoast.com\/product\/yoast-seo-wordpress\/ -->\n<title>Privatlivspolitik - Familiesammenf\u00f8ring | F\u00e5 din familie til Danmark<\/title>\n<meta name=\"robots\" content=\"index, follow, max-snippet:-1, max-image-preview:large, max-video-preview:-1\" \/>\n<link rel=\"canonical\" href=\"https:\/\/xn--familie-sammenfring-97b.dk\/index.php\/privatlivspolitik\/\" \/>\n<meta property=\"og:locale\" content=\"en_US\" \/>\n<meta property=\"og:type\" content=\"article\" \/>\n<meta property=\"og:title\" content=\"Privatlivspolitik - Familiesammenf\u00f8ring | F\u00e5 din familie til Danmark\" \/>\n<meta property=\"og:description\" content=\"Den dataansvarlige \u00a0 danskstatsborgerskab.dk A.P. M\u00f8llers All\u00e9 9c 2791 Drag\u00f8r info@xn--familie-sammenfring-97b.dk +45 91 61 85 21 Technolo: +45 91 61 85 21 cvr-nummer: 43336878 \u00a0 Persondatapolitik hos Copernica Law Vi indhenter kun persondata i de tilf\u00e6lde, hvor dette skulle v\u00e6re relevant for os, og vi vil kun indhente persondata, hvis det er relevant for din [&hellip;]\" \/>\n<meta property=\"og:url\" content=\"https:\/\/xn--familie-sammenfring-97b.dk\/index.php\/privatlivspolitik\/\" \/>\n<meta property=\"og:site_name\" content=\"Familiesammenf\u00f8ring | F\u00e5 din familie til Danmark\" \/>\n<meta property=\"article:modified_time\" content=\"2025-01-19T18:30:42+00:00\" \/>\n<meta name=\"twitter:card\" content=\"summary_large_image\" \/>\n<meta name=\"twitter:label1\" content=\"Est. reading time\" \/>\n\t<meta name=\"twitter:data1\" content=\"4 minutes\" \/>\n<script type=\"application\/ld+json\" class=\"yoast-schema-graph\">{\"@context\":\"https:\/\/schema.org\",\"@graph\":[{\"@type\":\"WebPage\",\"@id\":\"https:\/\/xn--familie-sammenfring-97b.dk\/index.php\/privatlivspolitik\/\",\"url\":\"https:\/\/xn--familie-sammenfring-97b.dk\/index.php\/privatlivspolitik\/\",\"name\":\"Privatlivspolitik - Familiesammenf\u00f8ring | F\u00e5 din familie til Danmark\",\"isPartOf\":{\"@id\":\"https:\/\/xn--familie-sammenfring-97b.dk\/#website\"},\"datePublished\":\"2025-01-19T18:26:45+00:00\",\"dateModified\":\"2025-01-19T18:30:42+00:00\",\"breadcrumb\":{\"@id\":\"https:\/\/xn--familie-sammenfring-97b.dk\/index.php\/privatlivspolitik\/#breadcrumb\"},\"inLanguage\":\"en-US\",\"potentialAction\":[{\"@type\":\"ReadAction\",\"target\":[\"https:\/\/xn--familie-sammenfring-97b.dk\/index.php\/privatlivspolitik\/\"]}]},{\"@type\":\"BreadcrumbList\",\"@id\":\"https:\/\/xn--familie-sammenfring-97b.dk\/index.php\/privatlivspolitik\/#breadcrumb\",\"itemListElement\":[{\"@type\":\"ListItem\",\"position\":1,\"name\":\"Home\",\"item\":\"https:\/\/xn--familie-sammenfring-97b.dk\/\"},{\"@type\":\"ListItem\",\"position\":2,\"name\":\"Privatlivspolitik\"}]},{\"@type\":\"WebSite\",\"@id\":\"https:\/\/xn--familie-sammenfring-97b.dk\/#website\",\"url\":\"https:\/\/xn--familie-sammenfring-97b.dk\/\",\"name\":\"Dansk Statsborgerskab\",\"description\":\"Juridisk r\u00e5dgivning\",\"publisher\":{\"@id\":\"https:\/\/xn--familie-sammenfring-97b.dk\/#organization\"},\"potentialAction\":[{\"@type\":\"SearchAction\",\"target\":{\"@type\":\"EntryPoint\",\"urlTemplate\":\"https:\/\/xn--familie-sammenfring-97b.dk\/?s={search_term_string}\"},\"query-input\":{\"@type\":\"PropertyValueSpecification\",\"valueRequired\":true,\"valueName\":\"search_term_string\"}}],\"inLanguage\":\"en-US\"},{\"@type\":\"Organization\",\"@id\":\"https:\/\/xn--familie-sammenfring-97b.dk\/#organization\",\"name\":\"| Din juridiske ekspert\",\"url\":\"https:\/\/xn--familie-sammenfring-97b.dk\/\",\"logo\":{\"@type\":\"ImageObject\",\"inLanguage\":\"en-US\",\"@id\":\"https:\/\/xn--familie-sammenfring-97b.dk\/#\/schema\/logo\/image\/\",\"url\":\"https:\/\/xn--familie-sammenfring-97b.dk\/wp-content\/uploads\/2024\/12\/Denmark-passport-Danish-passport.jpg\",\"contentUrl\":\"https:\/\/xn--familie-sammenfring-97b.dk\/wp-content\/uploads\/2024\/12\/Denmark-passport-Danish-passport.jpg\",\"width\":578,\"height\":675,\"caption\":\"| Din juridiske ekspert\"},\"image\":{\"@id\":\"https:\/\/xn--familie-sammenfring-97b.dk\/#\/schema\/logo\/image\/\"}}]}<\/script>\n<!-- \/ Yoast SEO plugin. -->","yoast_head_json":{"title":"Privatlivspolitik - Familiesammenf\u00f8ring | F\u00e5 din familie til Danmark","robots":{"index":"index","follow":"follow","max-snippet":"max-snippet:-1","max-image-preview":"max-image-preview:large","max-video-preview":"max-video-preview:-1"},"canonical":"https:\/\/xn--familie-sammenfring-97b.dk\/index.php\/privatlivspolitik\/","og_locale":"en_US","og_type":"article","og_title":"Privatlivspolitik - Familiesammenf\u00f8ring | F\u00e5 din familie til Danmark","og_description":"Den dataansvarlige \u00a0 danskstatsborgerskab.dk A.P. M\u00f8llers All\u00e9 9c 2791 Drag\u00f8r info@xn--familie-sammenfring-97b.dk +45 91 61 85 21 Technolo: +45 91 61 85 21 cvr-nummer: 43336878 \u00a0 Persondatapolitik hos Copernica Law Vi indhenter kun persondata i de tilf\u00e6lde, hvor dette skulle v\u00e6re relevant for os, og vi vil kun indhente persondata, hvis det er relevant for din [&hellip;]","og_url":"https:\/\/xn--familie-sammenfring-97b.dk\/index.php\/privatlivspolitik\/","og_site_name":"Familiesammenf\u00f8ring | F\u00e5 din familie til Danmark","article_modified_time":"2025-01-19T18:30:42+00:00","twitter_card":"summary_large_image","twitter_misc":{"Est. reading time":"4 minutes"},"schema":{"@context":"https:\/\/schema.org","@graph":[{"@type":"WebPage","@id":"https:\/\/xn--familie-sammenfring-97b.dk\/index.php\/privatlivspolitik\/","url":"https:\/\/xn--familie-sammenfring-97b.dk\/index.php\/privatlivspolitik\/","name":"Privatlivspolitik - Familiesammenf\u00f8ring | F\u00e5 din familie til Danmark","isPartOf":{"@id":"https:\/\/xn--familie-sammenfring-97b.dk\/#website"},"datePublished":"2025-01-19T18:26:45+00:00","dateModified":"2025-01-19T18:30:42+00:00","breadcrumb":{"@id":"https:\/\/xn--familie-sammenfring-97b.dk\/index.php\/privatlivspolitik\/#breadcrumb"},"inLanguage":"en-US","potentialAction":[{"@type":"ReadAction","target":["https:\/\/xn--familie-sammenfring-97b.dk\/index.php\/privatlivspolitik\/"]}]},{"@type":"BreadcrumbList","@id":"https:\/\/xn--familie-sammenfring-97b.dk\/index.php\/privatlivspolitik\/#breadcrumb","itemListElement":[{"@type":"ListItem","position":1,"name":"Home","item":"https:\/\/xn--familie-sammenfring-97b.dk\/"},{"@type":"ListItem","position":2,"name":"Privatlivspolitik"}]},{"@type":"WebSite","@id":"https:\/\/xn--familie-sammenfring-97b.dk\/#website","url":"https:\/\/xn--familie-sammenfring-97b.dk\/","name":"Dansk Statsborgerskab","description":"Juridisk r\u00e5dgivning","publisher":{"@id":"https:\/\/xn--familie-sammenfring-97b.dk\/#organization"},"potentialAction":[{"@type":"SearchAction","target":{"@type":"EntryPoint","urlTemplate":"https:\/\/xn--familie-sammenfring-97b.dk\/?s={search_term_string}"},"query-input":{"@type":"PropertyValueSpecification","valueRequired":true,"valueName":"search_term_string"}}],"inLanguage":"en-US"},{"@type":"Organization","@id":"https:\/\/xn--familie-sammenfring-97b.dk\/#organization","name":"| Din juridiske ekspert","url":"https:\/\/xn--familie-sammenfring-97b.dk\/","logo":{"@type":"ImageObject","inLanguage":"en-US","@id":"https:\/\/xn--familie-sammenfring-97b.dk\/#\/schema\/logo\/image\/","url":"https:\/\/xn--familie-sammenfring-97b.dk\/wp-content\/uploads\/2024\/12\/Denmark-passport-Danish-passport.jpg","contentUrl":"https:\/\/xn--familie-sammenfring-97b.dk\/wp-content\/uploads\/2024\/12\/Denmark-passport-Danish-passport.jpg","width":578,"height":675,"caption":"| Din juridiske ekspert"},"image":{"@id":"https:\/\/xn--familie-sammenfring-97b.dk\/#\/schema\/logo\/image\/"}}]}},"_links":{"self":[{"href":"https:\/\/xn--familie-sammenfring-97b.dk\/index.php\/wp-json\/wp\/v2\/pages\/808","targetHints":{"allow":["GET"]}}],"collection":[{"href":"https:\/\/xn--familie-sammenfring-97b.dk\/index.php\/wp-json\/wp\/v2\/pages"}],"about":[{"href":"https:\/\/xn--familie-sammenfring-97b.dk\/index.php\/wp-json\/wp\/v2\/types\/page"}],"author":[{"embeddable":true,"href":"https:\/\/xn--familie-sammenfring-97b.dk\/index.php\/wp-json\/wp\/v2\/users\/6"}],"replies":[{"embeddable":true,"href":"https:\/\/xn--familie-sammenfring-97b.dk\/index.php\/wp-json\/wp\/v2\/comments?post=808"}],"version-history":[{"count":7,"href":"https:\/\/xn--familie-sammenfring-97b.dk\/index.php\/wp-json\/wp\/v2\/pages\/808\/revisions"}],"predecessor-version":[{"id":815,"href":"https:\/\/xn--familie-sammenfring-97b.dk\/index.php\/wp-json\/wp\/v2\/pages\/808\/revisions\/815"}],"wp:attachment":[{"href":"https:\/\/xn--familie-sammenfring-97b.dk\/index.php\/wp-json\/wp\/v2\/media?parent=808"}],"curies":[{"name":"wp","href":"https:\/\/api.w.org\/{rel}","templated":true}]}}